der when y(4) is divided by v(5)?
0
Let a = 154 - 107. Suppose 6 = 2*c, -51*f = -52*f + 5*c - 7. Calculate the remainder when a is divided by f.
7
Suppose -3*n = 6, -3*a - 2*n = -4*n + 152. Let p = -38 - a. Calculate the remainder when p is divided by 8.
6
Let t = 301 + -248. Calculate the remainder when t is divided by 7.
4
Let z(i) = -36*i - 824. Calculate the remainder when z(-26) is divided by 24.
16
Suppose -602 = -6*l + 1246. Calculate the remainder when 626 is divided by l.
10
Calculate the remainder when ((-4065)/15)/(-3 + 2) is divided by 34.
33
Let v(f) = -3*f**3 - 4*f**2 - f - 3. Let h = -37 - -46. Suppose 0 = 2*k - h*k + 168. Calculate the remainder when v(-3) is divided by k.
21
Suppose 0 = 32*r + 224 - 1408. What is the remainder when 145 is divided by r?
34
Let r(s) = -4*s**3 + s**2 + 2*s + 2. What is the remainder when ((-1570)/(-310) - 18/279) + 2*31 is divided by r(-2)?
33
Suppose -5*j + 8 = 4*n, 4*n = 3*n + 3*j + 2. What is the remainder when (3 + -1*n)*(-18)/(-3) is divided by 2?
0
Let l(t) = t**3 + 11*t**2 - 4*t - 28. Calculate the remainder when 1455 is divided by l(-10).
111
Let w(p) = 26*p**3 + p**2 - p. Let l be w(1). Let o = 51 - l. What is the remainder when 72 is divided by o?
22
Let r(n) = n**2 + 11*n + 6. Let v be r(-10). Let q be 3/v + (-23)/(-4). What is the remainder when q/10 - (-26)/4 is divided by 4?
3
What is the remainder when (5/10)/(2/860) is divided by 14?
5
Let t be 8/(-40) - (-382)/10. Suppose 2*f = f + t. Suppose -c + 2*l = -f, -5*c = -5*l - 75 - 135. What is the remainder when c is divided by 13?
7
Suppose 5965 = 16*a - 3187. What is the remainder when a is divided by 82?
80
Let i = -49 + 70. Calculate the remainder when i is divided by (2 + -2 + -2)*-3.
3
Suppose -3*t + 3 = 6. Calculate the remainder when (-6)/(-2) + 1 + -1 is divided by 2 - (12 + -12)/(t + 0).
1
Let f = -7 - -16. What is the remainder when (-64)/6*f/(-3) + -3 is divided by 16?
13
Suppose 4*v - 4*w - 36 - 24 = 0, -4*v - 3*w = -60. What is the remainder when 89 is divided by v?
14
Suppose 3*r - 4 = 5. Suppose 2*t = -0*t + 18. What is the remainder when t is divided by r/(-12) - 34/(-8)?
1
Suppose 0 = -371*c + 365*c + 126. Calculate the remainder when 146 is divided by c.
20
Suppose -72 = -3*j - 2*p + 73, 0 = 5*j + 3*p - 243. Calculate the remainder when j is divided by 16.
3
Suppose -5*m + 0*m + 55 = 0. Suppose 6*r - r + 873 = 4*q, 0 = -q + r + 219. What is the remainder when 138 is divided by q/8 + m/44?
26
Suppose 0 = -5*s, -8*b + 3*b = -5*s - 135. What is the remainder when 323 is divided by b?
26
What is the remainder when 19/(-2)*(-13 + -7) is divided by 40?
30
Let g = -15 + 17. Suppose -12 = -g*s + 36. What is the remainder when 46 is divided by s?
22
Suppose -6*n + 61 = -71. Calculate the remainder when 58 is divided by n.
14
Let v = -926 - -984. Calculate the remainder when 129 is divided by v.
13
Suppose -3*q - 5*q + 312 = 0. Let v = 71 - q. What is the remainder when v is divided by 11?
10
Let c(k) = k**3 + 13*k**2 + k + 23. Calculate the remainder when 13 is divided by c(-13).
3
Suppose 172*c = 168*c + 48. Calculate the remainder when c is divided by 5.
2
Suppose 4*y = 3 + 13. Suppose 0 = o + y*o. Suppose a - 25 = -o*a. Calculate the remainder when a is divided by 10.
5
Let y(l) = -9*l - 32. Let d be y(-20). Suppose -2*p = -4, -2*p = 2*f + p - d. Calculate the remainder when f is divided by 21.
8
What is the remainder when 10/2 + 30 + -3 is divided by 5?
2
Let w(l) = -l**3 + 9*l**2 - 4*l + 9. Let b be w(8). Let u = b + -3. Let h(f) = f**3 - 7*f**2 - 9*f + 18. What is the remainder when u is divided by h(8)?
8
Let i(s) = 0*s**2 + 6 - 3*s + 4*s**2 + 5*s**2. Let g be i(3). Suppose -70 - g = -4*m. Calculate the remainder when m is divided by 13.
11
Let s = -54 - -73. Calculate the remainder when s is divided by 6.
1
Let z(c) = -4*c + 90. Suppose -r + 6 + 15 = 0. What is the remainder when z(r) is divided by 5?
1
Let v(b) = -b**2 + 7*b + 42. Calculate the remainder when v(0) is divided by 11.
9
Let d = -36 + 73. Suppose 2*q - 15 = 139. Let t = q - d. Calculate the remainder when t is divided by 21.
19
Let j = 266 + -150. Let w = -41 + j. Calculate the remainder when w is divided by 13.
10
Suppose -3*o + 1 = -2*o. Let b = 3 + o. Suppose 0 = b*x - 26 + 2. What is the remainder when 11 is divided by x?
5
Suppose 2*q = y - 9, -29 - 46 = -5*y - 5*q. Let v(i) = -i**3 + 12*i**2 + 14*i - 2. What is the remainder when 85 is divided by v(y)?
8
Let r = -943 - -1144. What is the remainder when r is divided by 42?
33
Let c be 76/10 + (-4)/(-10). Suppose -2*s = -5*s + 6. Calculate the remainder when ((-36)/c)/((-1)/s) is divided by 6.
3
Let n = 1382 + -1349. What is the remainder when 96 is divided by n?
30
What is the remainder when (8/16)/((-4)/(-5280)) + 5 is divided by 37?
36
Let m(i) = 3*i**3 + i - 2. Suppose 7 = 3*z - 2*a, -3*a = z - 0*a - 6. What is the remainder when m(z) is divided by 12?
10
Suppose d + 175 = 3*r, 0 = 4*r + 3*d - 332 + 116. What is the remainder when r is divided by 20?
17
Let f = 15 + -6. Suppose -2*d = d - f. Suppose -h = 2*o - 3*o - 23, d*h - 4*o = 68. Calculate the remainder when h is divided by 9.
6
What is the remainder when 114 is divided by 89/(-267)*(-1 - 38)?
10
Suppose 5*f - 2*v = -13, 5*v - 24 = 3*f + f. Let c(l) = -29*l + 8*l - 7*l + 1. What is the remainder when c(f) is divided by 8?
5
Let b be (2/10)/((-2)/(-20)). Suppose -c + m = 3*m - 37, b*c = -5*m + 69. Calculate the remainder when c is divided by 10.
7
Let l = -25 - -50. Let u(n) = 11*n**2 + 4*n + 4. Let m be u(-3). Suppose -287 = -4*g - m. What is the remainder when g is divided by l?
24
What is the remainder when 82 + (-1 - (-9)/((-36)/16)) is divided by 40?
37
Let g = 76 - 34. Let d = -28608 + 28729. What is the remainder when d is divided by g?
37
Let m(v) = v**2 - 3*v + 3. Suppose -4*d - 4*u - 32 = 0, 0*d - 3*d + u - 32 = 0. Calculate the remainder when m(-3) is divided by (120/50)/((-4)/d).
3
Let j(c) = -10*c**3 - 32*c + 3*c**3 + 51 + 6*c**3 - 34*c**2. Calculate the remainder when (-2)/(0 - 2/68) is divided by j(-33).
14
Suppose 4*x - 992 = -3*a, 4*a + 118 = 3*x - 651. Let v = x - 172. Suppose 118*g - 57*g - 1220 = 0. Calculate the remainder when v is divided by g.
19
Let o(i) = -2*i**2 - 7*i. Let m be o(-6). Let a = m + 35. Suppose 3*l + b - 38 = 0, -l - 2*b + 4 = -6*b. What is the remainder when l is divided by a?
2
Let i = -42 + 124. What is the remainder when i is divided by 42?
40
Let f be -3 + 3*14/6. Suppose f*d - 56 = 204. Suppose -6*z = -z - d. Calculate the remainder when 51 is divided by z.
12
What is the remainder when 322/2 - (-45)/(-1 - -10) is divided by 29?
21
Let p = 22 - 22. Suppose p = 32*o - 28*o. Suppose o = 4*q + r - 120, 0*q + 5*r = -4*q + 136. What is the remainder when 84 is divided by q?
26
Let y(x) = x**2 + 24*x + 185. Calculate the remainder when y(-19) is divided by 51.
39
Let c = 20 - 16. Suppose 4*v = -3*i + 34, i + 25 = 5*v - c*i. Suppose -v*m = -3*m - 16. What is the remainder when 5 is divided by m?
1
Let z(y) = -y**3 + 10*y**2 + 5*y - 41. Calculate the remainder when z(8) is divided by 41.
4
Suppose -100 = -2*x - 4. Calculate the remainder when ((-4)/(-6))/(164/46494) is divided by x.
45
Suppose -4*i = -10*i. Suppose i = y + 4*y - 145. Calculate the remainder when y is divided by 5.
4
Let l(q) = -q - 8. Suppose 3*j + 7 = -2. Let p(x) = -x**2. Let n be p(j). Calculate the remainder when 2 is divided by l(n).
0
Suppose -2*o - 90 = -7*o. Suppose -z + o = -13. Let f = -71 + 163. What is the remainder when f is divided by z?
30
Let b be (-1330)/(-56) - (-1)/4. Suppose b + 1 = t. Calculate the remainder when 47 is divided by t.
22
Let x(z) = -z**3 - 8*z**2 - 8*z - 4. Let g be ((-8)/(-10))/(10/25). Suppose 5*i - 3*i + 14 = 5*a, g*a = 0. Calculate the remainder when 5 is divided by x(i).
2
Let h(i) = -2*i - 21. Let r be h(-16). Let c = r - -14. What is the remainder when c is divided by 7?
4
Suppose 26 - 4 = h + 3*q, h - 18 = -q. Calculate the remainder when 331 is divided by h.
11
Let g = -8 - -19. Calculate the remainder when g is divided by -3*((-40)/15)/2.
3
Suppose 28*d - 25*d - 1275 = 0. Suppose -d - 43 = -12*k. What is the remainder when 152 is divided by k?
35
Let l be 1/(1 + -3)*(-13 + 15). Calculat